{"id":18258,"date":"2023-11-21T10:11:17","date_gmt":"2023-11-21T07:11:17","guid":{"rendered":"https:\/\/www.dovanupastas.lt\/?post_type=product&#038;p=18258"},"modified":"2025-12-13T20:37:42","modified_gmt":"2025-12-13T17:37:42","slug":"girlianda","status":"publish","type":"product","link":"https:\/\/www.dovanupastas.lt\/?product=girlianda","title":{"rendered":"LED girlianda-u\u017euolaida"},"content":{"rendered":"<p>LED lempu\u010di\u0173 kiekis: 300 vnt.<br \/>\nGalimos spalvos: \u0161iltai balta, \u0161altai balta ir \u012fvairiaspalv\u0117<br \/>\nU\u017euolaidos dydis: 3 m x 3 m. (Pilnai i\u0161skleista)<br \/>\nStrukt\u016bra: 10 vnt. 3 metr\u0173 ilgio LED sruog\u0173, kurios turi po 30 vnt. LED lempu\u010di\u0173<br \/>\nValdymas: mygtuku ant valdiklio arba nuotoliniu valdymo pulteliu<br \/>\nLaidas: sidabrinis, labai plonas, formuojamas<br \/>\nR\u0117\u017eimai: \u012fjungta\/i\u0161jungta ir 8 skirtingi mirgs\u0117jimo. Kei\u010diamas ry\u0161kumas.<br \/>\nAtsparumas dr\u0117gmei: IP55 (Reikia apsaugoti jungt\u012f ir maitinimo \u0161altin\u012f)<br \/>\nMaitinimas: 5V, USB jungtis. Gali b\u016bti maitinama bet kokiu USB \u0161altiniu, kompiuteriu, ne\u0161iojamu USB maitinimo \u0161altiniu.<\/p>\n","protected":false},"excerpt":{"rendered":"<p>LED lempu\u010di\u0173 kiekis: 300 vnt. Galimos spalvos: \u0161iltai balta, \u0161altai balta ir \u012fvairiaspalv\u0117 U\u017euolaidos dydis: 3 m x 3 m. (Pilnai i\u0161skleista) Strukt\u016bra: 10 vnt. 3 metr\u0173 ilgio LED sruog\u0173, kurios turi po 30 vnt. LED lempu\u010di\u0173 Valdymas: mygtuku ant valdiklio arba nuotoliniu valdymo pulteliu Laidas: sidabrinis, labai plonas, formuojamas R\u0117\u017eimai: \u012fjungta\/i\u0161jungta ir 8 skirtingi [&hellip;]<\/p>\n","protected":false},"featured_media":18551,"comment_status":"open","ping_status":"closed","template":"","meta":[],"product_cat":[36,133,66],"product_tag":[166,127,128,130,165],"_links":{"self":[{"href":"https:\/\/www.dovanupastas.lt\/index.php?rest_route=\/wp\/v2\/product\/18258"}],"collection":[{"href":"https:\/\/www.dovanupastas.lt\/index.php?rest_route=\/wp\/v2\/product"}],"about":[{"href":"https:\/\/www.dovanupastas.lt\/index.php?rest_route=\/wp\/v2\/types\/product"}],"replies":[{"embeddable":true,"href":"https:\/\/www.dovanupastas.lt\/index.php?rest_route=%2Fwp%2Fv2%2Fcomments&post=18258"}],"version-history":[{"count":2,"href":"https:\/\/www.dovanupastas.lt\/index.php?rest_route=\/wp\/v2\/product\/18258\/revisions"}],"predecessor-version":[{"id":19104,"href":"https:\/\/www.dovanupastas.lt\/index.php?rest_route=\/wp\/v2\/product\/18258\/revisions\/19104"}],"wp:featuredmedia":[{"embeddable":true,"href":"https:\/\/www.dovanupastas.lt\/index.php?rest_route=\/wp\/v2\/media\/18551"}],"wp:attachment":[{"href":"https:\/\/www.dovanupastas.lt\/index.php?rest_route=%2Fwp%2Fv2%2Fmedia&parent=18258"}],"wp:term":[{"taxonomy":"product_cat","embeddable":true,"href":"https:\/\/www.dovanupastas.lt\/index.php?rest_route=%2Fwp%2Fv2%2Fproduct_cat&post=18258"},{"taxonomy":"product_tag","embeddable":true,"href":"https:\/\/www.dovanupastas.lt\/index.php?rest_route=%2Fwp%2Fv2%2Fproduct_tag&post=18258"}],"curies":[{"name":"wp","href":"https:\/\/api.w.org\/{rel}","templated":true}]}}