{"id":18037,"date":"2023-11-13T23:50:37","date_gmt":"2023-11-13T20:50:37","guid":{"rendered":"https:\/\/www.dovanupastas.lt\/?post_type=product&#038;p=18037"},"modified":"2024-02-15T10:30:38","modified_gmt":"2024-02-15T07:30:38","slug":"kosmetikos-rinkinys-tikram-dzentelmenui","status":"publish","type":"product","link":"https:\/\/www.dovanupastas.lt\/?product=kosmetikos-rinkinys-tikram-dzentelmenui","title":{"rendered":"Kosmetikos rinkinys Tikram d\u017eentelmenui"},"content":{"rendered":"<p><strong>Dovan\u0173 Rinkinys Tikram D\u017eentelmenui<\/strong><\/p>\n<p>Leiskite sau pasim\u0117gauti kokybi\u0161ka odos ir plauk\u0173 prie\u017ei\u016bra su \u0161iuo i\u0161skirtiniu kosmetikos rinkiniu. Kiekvienas produktas yra pagamintas su alaus mieli\u0173 ir apyni\u0173 ekstraktais, suteikiantis ne tik puik\u0173 kvap\u0105, bet ir nauding\u0105 poveik\u012f j\u016bs\u0173 odai bei plaukams.<\/p>\n<p><strong>Du\u0161o \u017del\u0117 su Alaus Mieli\u0173 ir Apyni\u0173 Ekstraktais 250 ml:<\/strong><\/p>\n<ul>\n<li>Pagaminta pagal \u0161iuolaikin\u0119 recept\u016br\u0105 su alaus miel\u0117mis ir apyniais.<\/li>\n<li>Dr\u0117kina od\u0105, veikia kaip antiseptikas.<\/li>\n<li>Praturtinta lipidais, atstatan\u010diais, dr\u0117kinamais, antibakteriniais ir prie\u0161grybeliniais savyb\u0117mis.<\/li>\n<li>Sud\u0117tyje yra vitamin\u0173 ir baltym\u0173.<\/li>\n<li>Auk\u0161tos kokyb\u0117s komponentai ir subalansuotas pH garantuoja tobul\u0105 prausim\u0105si.<\/li>\n<\/ul>\n<p><strong>\u0160amp\u016bnas su Alaus Mieli\u0173 ir Apyni\u0173 Ekstraktais 250 ml:<\/strong><\/p>\n<ul>\n<li>Praturtintas alaus mieli\u0173 ir apyni\u0173 ekstraktais su dr\u0117kinamuoju poveikiu.<\/li>\n<li>Baltymai ir vitaminai teigiamai veikia plaukus ir galvos od\u0105.<\/li>\n<li>Auk\u0161tos kokyb\u0117s ingredientai, subalansuotas pH ir efektyvus ekstrakt\u0173 derinys u\u017etikrina \u0161veln\u0173 vis\u0173 tip\u0173 plauk\u0173 plovim\u0105.<\/li>\n<li>I\u0161plauti plaukai tampa lengviau su\u0161ukuojami, \u0161ilkiniai ir blizg\u016bs.<\/li>\n<\/ul>\n<p><strong>Muilas su Alaus Mieli\u0173 ir Apyni\u0173 Ekstraktais 145 g:<\/strong><\/p>\n<ul>\n<li>\u0160velnus muilas su glicerinu ir alaus mieli\u0173 bei apyni\u0173 ekstraktais.<\/li>\n<li>Teigiamai veikia od\u0105, nesausina jos.<\/li>\n<li>Puikiai tinka viso k\u016bno odai efektyviam valymui.<\/li>\n<\/ul>\n<p><strong>Kosmetikos Rinkinys Tikram D\u017eentelmenui yra Originali ir Prakti\u0161ka Dovana Vyrams.<\/strong><\/p>\n","protected":false},"excerpt":{"rendered":"<p>Dovan\u0173 Rinkinys Tikram D\u017eentelmenui Leiskite sau pasim\u0117gauti kokybi\u0161ka odos ir plauk\u0173 prie\u017ei\u016bra su \u0161iuo i\u0161skirtiniu kosmetikos rinkiniu. Kiekvienas produktas yra pagamintas su alaus mieli\u0173 ir apyni\u0173 ekstraktais, suteikiantis ne tik puik\u0173 kvap\u0105, bet ir nauding\u0105 poveik\u012f j\u016bs\u0173 odai bei plaukams. Du\u0161o \u017del\u0117 su Alaus Mieli\u0173 ir Apyni\u0173 Ekstraktais 250 ml: Pagaminta pagal \u0161iuolaikin\u0119 recept\u016br\u0105 su [&hellip;]<\/p>\n","protected":false},"featured_media":18468,"comment_status":"open","ping_status":"closed","template":"","meta":[],"product_cat":[71,75,103,68,66,74,65,69,63],"product_tag":[106,105,97,100,109,102,108,101,96,98,99],"_links":{"self":[{"href":"https:\/\/www.dovanupastas.lt\/index.php?rest_route=\/wp\/v2\/product\/18037"}],"collection":[{"href":"https:\/\/www.dovanupastas.lt\/index.php?rest_route=\/wp\/v2\/product"}],"about":[{"href":"https:\/\/www.dovanupastas.lt\/index.php?rest_route=\/wp\/v2\/types\/product"}],"replies":[{"embeddable":true,"href":"https:\/\/www.dovanupastas.lt\/index.php?rest_route=%2Fwp%2Fv2%2Fcomments&post=18037"}],"version-history":[{"count":2,"href":"https:\/\/www.dovanupastas.lt\/index.php?rest_route=\/wp\/v2\/product\/18037\/revisions"}],"predecessor-version":[{"id":18681,"href":"https:\/\/www.dovanupastas.lt\/index.php?rest_route=\/wp\/v2\/product\/18037\/revisions\/18681"}],"wp:featuredmedia":[{"embeddable":true,"href":"https:\/\/www.dovanupastas.lt\/index.php?rest_route=\/wp\/v2\/media\/18468"}],"wp:attachment":[{"href":"https:\/\/www.dovanupastas.lt\/index.php?rest_route=%2Fwp%2Fv2%2Fmedia&parent=18037"}],"wp:term":[{"taxonomy":"product_cat","embeddable":true,"href":"https:\/\/www.dovanupastas.lt\/index.php?rest_route=%2Fwp%2Fv2%2Fproduct_cat&post=18037"},{"taxonomy":"product_tag","embeddable":true,"href":"https:\/\/www.dovanupastas.lt\/index.php?rest_route=%2Fwp%2Fv2%2Fproduct_tag&post=18037"}],"curies":[{"name":"wp","href":"https:\/\/api.w.org\/{rel}","templated":true}]}}