{"id":18018,"date":"2023-11-13T17:13:34","date_gmt":"2023-11-13T14:13:34","guid":{"rendered":"https:\/\/www.dovanupastas.lt\/?post_type=product&#038;p=18018"},"modified":"2024-02-15T10:23:09","modified_gmt":"2024-02-15T07:23:09","slug":"duso-zele-viskio-aromato","status":"publish","type":"product","link":"https:\/\/www.dovanupastas.lt\/?product=duso-zele-viskio-aromato","title":{"rendered":"Du\u0161o \u017eel\u0117 prabangaus viskio aromato"},"content":{"rendered":"<p><strong>Prabangi Du\u0161o \u017del\u0117 su Viskio Aromatu<\/strong><\/p>\n<p>M\u0117gaukit\u0117s ypatingu aromatu m\u016bs\u0173 kremin\u0117je du\u0161o \u017eel\u0117je, kuri skleid\u017eia prabang\u0173 viskio kvap\u0105. \u0160i i\u0161skirtin\u0117 formul\u0117 su alaus mieli\u0173 (Saccharomyces Cerevisiae) ir apyni\u0173 (Humulus Lupulus) ekstraktais ne tik maloniai kvepia, bet ir r\u016bpinasi j\u016bs\u0173 odos sveikata.<\/p>\n<p><strong>Savyb\u0117s:<\/strong><\/p>\n<ul>\n<li><strong>Alaus Mieli\u0173 Nauda:\u00a0<\/strong>Moksliniais tyrimais \u012frodyta, kad nat\u016bralios miel\u0117s stiprina od\u0105, nagus ir plaukus. M\u016bs\u0173 du\u0161o \u017eel\u0117je \u0161ios miel\u0117s \u0161velniai plauna, dr\u0117kina ir i\u0161laiko nat\u016bral\u0173 odos pH balans\u0105.<\/li>\n<li><strong>Apyni\u0173 Gaiva:\u00a0<\/strong>Apyniai (Humulus Lupulus) ne tik suteikia ypating\u0105 aromat\u0105, bet ir moksli\u0161kai \u012frodyta, kad j\u0173 ekstraktas maitina od\u0105 ir plaukus, palengvindamas stres\u0105 ir suteikdamas atpalaidavim\u0105.<\/li>\n<\/ul>\n<p><strong>Originali Dovana Vyrams:<\/strong><\/p>\n<ul>\n<li>Supakuota \u012f stiling\u0105 viskio d\u0117\u017eut\u0119.<\/li>\n<li>D\u0117\u017eut\u0117s dydis: 7x17x4 cm.<\/li>\n<\/ul>\n<p>M\u016bs\u0173 du\u0161o \u017eel\u0117 su viskio aromatu yra ne tik puikus kasdienio naudojimo produktas, bet ir originali dovana vyrams, kurie vertina prabang\u0105 ir kokyb\u0119.<\/p>\n<p>Pamaloninkite savo od\u0105 su m\u016bs\u0173 i\u0161skirtine du\u0161o \u017eele su viskio aromatu!<\/p>\n","protected":false},"excerpt":{"rendered":"<p>Prabangi Du\u0161o \u017del\u0117 su Viskio Aromatu M\u0117gaukit\u0117s ypatingu aromatu m\u016bs\u0173 kremin\u0117je du\u0161o \u017eel\u0117je, kuri skleid\u017eia prabang\u0173 viskio kvap\u0105. \u0160i i\u0161skirtin\u0117 formul\u0117 su alaus mieli\u0173 (Saccharomyces Cerevisiae) ir apyni\u0173 (Humulus Lupulus) ekstraktais ne tik maloniai kvepia, bet ir r\u016bpinasi j\u016bs\u0173 odos sveikata. Savyb\u0117s: Alaus Mieli\u0173 Nauda:\u00a0Moksliniais tyrimais \u012frodyta, kad nat\u016bralios miel\u0117s stiprina od\u0105, nagus ir plaukus. [&hellip;]<\/p>\n","protected":false},"featured_media":18454,"comment_status":"open","ping_status":"closed","template":"","meta":[],"product_cat":[71,75,103,68,62,66,74,65,69,63],"product_tag":[106,105,100,109,102,108,101,98,112],"_links":{"self":[{"href":"https:\/\/www.dovanupastas.lt\/index.php?rest_route=\/wp\/v2\/product\/18018"}],"collection":[{"href":"https:\/\/www.dovanupastas.lt\/index.php?rest_route=\/wp\/v2\/product"}],"about":[{"href":"https:\/\/www.dovanupastas.lt\/index.php?rest_route=\/wp\/v2\/types\/product"}],"replies":[{"embeddable":true,"href":"https:\/\/www.dovanupastas.lt\/index.php?rest_route=%2Fwp%2Fv2%2Fcomments&post=18018"}],"version-history":[{"count":1,"href":"https:\/\/www.dovanupastas.lt\/index.php?rest_route=\/wp\/v2\/product\/18018\/revisions"}],"predecessor-version":[{"id":18674,"href":"https:\/\/www.dovanupastas.lt\/index.php?rest_route=\/wp\/v2\/product\/18018\/revisions\/18674"}],"wp:featuredmedia":[{"embeddable":true,"href":"https:\/\/www.dovanupastas.lt\/index.php?rest_route=\/wp\/v2\/media\/18454"}],"wp:attachment":[{"href":"https:\/\/www.dovanupastas.lt\/index.php?rest_route=%2Fwp%2Fv2%2Fmedia&parent=18018"}],"wp:term":[{"taxonomy":"product_cat","embeddable":true,"href":"https:\/\/www.dovanupastas.lt\/index.php?rest_route=%2Fwp%2Fv2%2Fproduct_cat&post=18018"},{"taxonomy":"product_tag","embeddable":true,"href":"https:\/\/www.dovanupastas.lt\/index.php?rest_route=%2Fwp%2Fv2%2Fproduct_tag&post=18018"}],"curies":[{"name":"wp","href":"https:\/\/api.w.org\/{rel}","templated":true}]}}