{"id":18008,"date":"2023-11-13T16:42:32","date_gmt":"2023-11-13T13:42:32","guid":{"rendered":"https:\/\/www.dovanupastas.lt\/?post_type=product&#038;p=18008"},"modified":"2024-06-29T16:03:00","modified_gmt":"2024-06-29T13:03:00","slug":"duso-zele-helik-1000-ml","status":"publish","type":"product","link":"https:\/\/www.dovanupastas.lt\/?product=duso-zele-helik-1000-ml","title":{"rendered":"Du\u0161o \u017eel\u0117 Helik 1000 ml"},"content":{"rendered":"<p><strong>Automobilio Tepal\u0173 Butelio Imitacija su Helik Du\u0161o \u017dele &#8211; 1000 ml<\/strong><\/p>\n<p>Leiskite \u0161iam unikaliai supakuotam produktui nustebinti ne tik i\u0161vaizda, bet ir maloniu du\u0161o metu suteikiamu gaivumu. \u0160is Helik Du\u0161o \u017del\u0117s produktas yra ne tik kasdien\u0117s higienos priemon\u0117, bet ir originali dovana vyrams.<\/p>\n<p><strong>Savyb\u0117s:<\/strong><\/p>\n<ul>\n<li><strong>Automobilio Tepal\u0173 Butelio Imitacija:\u00a0<\/strong>Produktas supakuotas \u012f automobilio tepal\u0173 butelio imitacij\u0105, priversian\u010di\u0105 nusi\u0161ypsoti kiekvien\u0105 vyr\u0105 ir kiekvien\u0105 apsilankym\u0105 du\u0161e padarant\u012f smagesn\u012f.<\/li>\n<li><strong>Didel\u0117 Talpa &#8211; 1000 ml:\u00a0<\/strong>\u0160i talpa u\u017etikrina ilgalaik\u012f naudojim\u0105si du\u0161o \u017eele, tod\u0117l j\u016bs gal\u0117site ilgai m\u0117gautis jo maloniu kvapu ir prie\u017ei\u016bra.<\/li>\n<li><strong>Malonaus Kvapo Du\u0161o \u017del\u0117:\u00a0<\/strong>\u0160is produktas ne tik valo od\u0105, bet ir apsaugo j\u0105 nuo i\u0161saus\u0117jimo, paliekant subtil\u0173 ir malon\u0173 kvap\u0105.<\/li>\n<li><strong>Originali Dovana Vyrams:\u00a0<\/strong>\u0160i automobilio tepal\u0173 butelio imitacija yra ne tik naudinga, bet ir originali dovana vyrams, prid\u0117sianti \u0161iek tiek humoro ir originalumo \u012f kasdien\u012f du\u0161o ritual\u0105.<\/li>\n<\/ul>\n<p><strong>Naudojimas:\u00a0<\/strong>U\u017etepkite nedidel\u012f kiek\u012f Helik Du\u0161o \u017del\u0117s ant kempin\u0117s arba tiesiog ant dr\u0117gnos odos, \u0161velniai masa\u017euokite ir kruop\u0161\u010diai nuplaukite gausiu vandeniu. Tinka kasdieniam naudojimui.<\/p>\n<p>Nustebinkite tiek vyresn\u012f, tiek jaunesn\u012f vyr\u0105 \u0161ia originalia dovana, kuri suteiks ne tik prakti\u0161kumo, bet ir smagumo du\u0161o metu!<\/p>\n","protected":false},"excerpt":{"rendered":"<p>Automobilio Tepal\u0173 Butelio Imitacija su Helik Du\u0161o \u017dele &#8211; 1000 ml Leiskite \u0161iam unikaliai supakuotam produktui nustebinti ne tik i\u0161vaizda, bet ir maloniu du\u0161o metu suteikiamu gaivumu. \u0160is Helik Du\u0161o \u017del\u0117s produktas yra ne tik kasdien\u0117s higienos priemon\u0117, bet ir originali dovana vyrams. Savyb\u0117s: Automobilio Tepal\u0173 Butelio Imitacija:\u00a0Produktas supakuotas \u012f automobilio tepal\u0173 butelio imitacij\u0105, priversian\u010di\u0105 [&hellip;]<\/p>\n","protected":false},"featured_media":18445,"comment_status":"open","ping_status":"closed","template":"","meta":[],"product_cat":[71,75,103,68,62,66,74,65,69,63],"product_tag":[107,100,102,101,98,99],"_links":{"self":[{"href":"https:\/\/www.dovanupastas.lt\/index.php?rest_route=\/wp\/v2\/product\/18008"}],"collection":[{"href":"https:\/\/www.dovanupastas.lt\/index.php?rest_route=\/wp\/v2\/product"}],"about":[{"href":"https:\/\/www.dovanupastas.lt\/index.php?rest_route=\/wp\/v2\/types\/product"}],"replies":[{"embeddable":true,"href":"https:\/\/www.dovanupastas.lt\/index.php?rest_route=%2Fwp%2Fv2%2Fcomments&post=18008"}],"version-history":[{"count":1,"href":"https:\/\/www.dovanupastas.lt\/index.php?rest_route=\/wp\/v2\/product\/18008\/revisions"}],"predecessor-version":[{"id":18669,"href":"https:\/\/www.dovanupastas.lt\/index.php?rest_route=\/wp\/v2\/product\/18008\/revisions\/18669"}],"wp:featuredmedia":[{"embeddable":true,"href":"https:\/\/www.dovanupastas.lt\/index.php?rest_route=\/wp\/v2\/media\/18445"}],"wp:attachment":[{"href":"https:\/\/www.dovanupastas.lt\/index.php?rest_route=%2Fwp%2Fv2%2Fmedia&parent=18008"}],"wp:term":[{"taxonomy":"product_cat","embeddable":true,"href":"https:\/\/www.dovanupastas.lt\/index.php?rest_route=%2Fwp%2Fv2%2Fproduct_cat&post=18008"},{"taxonomy":"product_tag","embeddable":true,"href":"https:\/\/www.dovanupastas.lt\/index.php?rest_route=%2Fwp%2Fv2%2Fproduct_tag&post=18008"}],"curies":[{"name":"wp","href":"https:\/\/api.w.org\/{rel}","templated":true}]}}